the remainder when 116181535 is divided by 121.
118
Calculate the remainder when 208310569 is divided by 1942.
1939
What is the remainder when 8108895 is divided by 277?
274
Calculate the remainder when 18242 is divided by 5103.
2933
Calculate the remainder when 2016963 is divided by 5466.
9
Calculate the remainder when 16365774 is divided by 249.
0
What is the remainder when 336311337 is divided by 204?
201
What is the remainder when 123063 is divided by 8797?
8702
Calculate the remainder when 2456395 is divided by 29242.
67
Calculate the remainder when 364376 is divided by 1711.
1644
What is the remainder when 9631111 is divided by 740851?
48
Calculate the remainder when 40472144 is divided by 6745356.
8
What is the remainder when 32678492 is divided by 8868?
8780
Calculate the remainder when 5892075 is divided by 86648.
11
Calculate the remainder when 4528147 is divided by 194.
187
Calculate the remainder when 196227 is divided by 938.
185
Calculate the remainder when 770576 is divided by 67.
9
What is the remainder when 2761919 is divided by 536?
447
What is the remainder when 10478744 is divided by 129367?
17
Calculate the remainder when 882372 is divided by 4959.
4629
What is the remainder when 51327405 is divided by 1353?
1350
Calculate the remainder when 1693386 is divided by 4410.
4356
What is the remainder when 7144803 is divided by 1277?
1265
What is the remainder when 604059 is divided by 215?
124
What is the remainder when 51980 is divided by 9151?
6225
Calculate the remainder when 1915273 is divided by 7.
3
What is the remainder when 109250 is divided by 10915?
100
Calculate the remainder when 174148 is divided by 18467.
7945
Calculate the remainder when 12603190 is divided by 431.
319
Calculate the remainder when 259266 is divided by 13148.
9454
Calculate the remainder when 36982451 is divided by 29.
27
What is the remainder when 3563661 is divided by 2?
1
Calculate the remainder when 130204 is divided by 32530.
84
What is the remainder when 2137707 is divided by 664?
291
What is the remainder when 10093431 is divided by 1584?
183
What is the remainder when 319417 is divided by 53227?
55
What is the remainder when 1464005 is divided by 292640?
805
What is the remainder when 11527414 is divided by 188974?
0
What is the remainder when 450670 is divided by 7?
3
Calculate the remainder when 70890 is divided by 6944.
1450
What is the remainder when 123630 is divided by 2475?
2355
Calculate the remainder when 11643663 is divided by 3767.
3633
What is the remainder when 27960868 is divided by 2415?
2413
What is the remainder when 801983628 is divided by 2281?
2276
What is the remainder when 101771899 is divided by 2784?
2779
What is the remainder when 5366009 is divided by 649?
77
Calculate the remainder when 34389009 is divided by 399.
396
What is the remainder when 1204999 is divided by 7214?
261
What is the remainder when 1769396 is divided by 174?
164
Calculate the remainder when 278263101 is divided by 302.
301
What is the remainder when 88337138 is divided by 11042142?
2
What is the remainder when 36426077 is divided by 6071011?
11
Calculate the remainder when 56478 is divided by 28057.
364
What is the remainder when 7513858 is divided by 4937?
4681
Calculate the remainder when 24714650 is divided by 31.
24
What is the remainder when 3858526 is divided by 964596?
142
What is the remainder when 12313691 is divided by 41?
38
Calculate the remainder when 224409 is divided by 16029.
3
Calculate the remainder when 1301732 is divided by 310.
42
What is the remainder when 1419233 is divided by 16313?
2
What is the remainder when 1612752 is divided by 321894?
3282
Calculate the remainder when 520679 is divided by 2345.
89
Calculate the remainder when 17101308 is divided by 111.
93
Calculate the remainder when 796886 is divided by 398434.
18
What is the remainder when 22964086 is divided by 84?
82
Calculate the remainder when 19127 is divided by 3186.
11
Calculate the remainder when 813189112 is divided by 33.
10
What is the remainder when 696206 is divided by 1719?
11
Calculate the remainder when 31176 is divided by 25.
1
Calculate the remainder when 1698038 is divided by 7648.
182
What is the remainder when 185074 is divided by 23?
16
What is the remainder when 70421434 is divided by 97?
16
What is the remainder when 339404 is divided by 1986?
1784
What is the remainder when 83240470 is divided by 168?
166
Calculate the remainder when 1058663 is divided by 660.
23
What is the remainder when 25400 is divided by 10677?
4046
What is the remainder when 2991580 is divided by 554?
534
Calculate the remainder when 160609 is divided by 2520.
1849
Calculate the remainder when 88568 is divided by 70.
18
What is the remainder when 4683299 is divided by 69?
62
What is the remainder when 26189 is divided by 1952?
813
What is the remainder when 13261 is divided by 12408?
853
What is the remainder when 247607351 is divided by 1163?
1162
Calculate the remainder when 6196534 is divided by 614.
46
Calculate the remainder when 39990 is divided by 6558.
642
Calculate the remainder when 248732330 is divided by 255372.
2
Calculate the remainder when 633393 is divided by 6737.
115
Calculate the remainder when 223333 is divided by 5767.
4187
Calculate the remainder when 1403642 is divided by 51986.
20
Calculate the remainder when 4190891 is divided by 1079.
55
What is the remainder when 888187 is divided by 888179?
8
Calculate the remainder when 34131710 is divided by 217.
214
What is the remainder when 10156635 is divided by 311?
308
Calculate the remainder when 1312512 is divided by 19.
11
What is the remainder when 29548130 is divided by 2954804?
90
What is the remainder when 114391078 is divided by 522?
520
What is the remainder when 493619 is divided by 6018?
143
What is the remainder when 34422548 is divided by 698?
678
Calculate the remainder when 14724838 is divided by 2091.
16
Calculate the remainder when 80676 is divided by 80566.
110
Calculate the remainder when 874644 is divided by 67277.
43
What is the remainder when 4522 is divided by 4403?
119
What is the remainder when 421152 is divided by 36?
24
Calculate the remainder when 28232432 is divided by 21.
11
Calculate the remainder when 1036139 is divided by 573.
155
Calculate the remainder when 486748 is divided by 243314.
120
Calculate the remainder when 6438319 is divided by 2214.
7
Calculate the remainder when 135735841 is divided by 2262264.
1
What is the remainder when 212054 is divided by 1948?
1670
Calculate the remainder when 5572767 is divided by 845.
837
Calculate the remainder when 87183 is divided by 450.
333
Calculate the remainder when 2967639 is divided by 63.
24
Calculate the remainder when 241378 is divided by 319.
214
What is the remainder when 80073 is divided by 137?
65
What is the remainder when 4690267 is divided by 1675?
267
What is the remainder when 7412862 is divided by 5?
2
Calculate the remainder when 8141459 is divided by 9379.
487
What is the remainder when 63104 is divided by 71?
56
What is the remainder when 1579467 is divided by 1553?
66
Calculate the remainder when 165716 is divided by 18292.
1088
Calculate the remainder when 58961 is divided by 2264.
97
What is the remainder when 17444875 is divided by 738?
31
What is the remainder when 5918721 is divided by 58?
53
What is the remainder when 2006933 is divided by 14866?
23
What is the remainder when 18736 is divided by 5609?
1909
What is the remainder when 1737976 is divided by 2472?
160
What is the remainder when 756753 is divided by 153?
15
What is the remainder when 4611869 is divided by 35?
24
Calculate the remainder when 19107278 is divided by 191.
20
What is the remainder when 16627820 is divided by 77?
55
Calculate the remainder when 141456 is divided by 1442.
140
Calculate the remainder when 22464 is divided by 3707.
222
Calculate the remainder when 1871722 is divided by 61.
59
Calculate the remainder when 1491008 is divided by 769.
686
What is the remainder when 1450701 is divided by 2789?
421
Calculate the remainder when 565471 is divided by 2020.
1891
Calculate the remainder when 84278 is divided by 20991.
314
What is the remainder when 42788575 is divided by 142?
141
What is the remainder when 10